n factor of 343 and o.
7
Let r = 7478 - 4064. Calculate the highest common divisor of r and 12.
6
Let n = 224 - 223. Suppose -m = -2*y + 45 + 27, -4*m = -y + 302. Let l = n - m. Calculate the highest common divisor of l and 11.
11
Let h(k) = -k**3 - 17*k**2 - 6*k - 9. Let g be h(-17). Let j = g - 93. Suppose 3*p + j + 2 = -i, 0 = -i - 5. What is the highest common factor of 8 and p?
1
Suppose -w = 3, -4*z = 3*w - 6*w - 101. Suppose -8 = -31*c + z*c. Calculate the greatest common divisor of 10 and c.
1
Suppose 21*g + 46*g - 3924 = 498. What is the highest common divisor of g and 75?
3
Let j be ((-74)/18 - -5)*9. Let m(k) = 17*k - 76. Let n be m(j). Calculate the greatest common divisor of n and 160.
20
Let a = 3 - -3. Let l = -7948 + 8005. What is the highest common factor of a and l?
3
Let p = -34 - -62. Suppose -4*l = -4*u + 84, 5*u = l - 2*l + 117. Let s be 60/(-90) + u/3. What is the greatest common factor of p and s?
7
Let q(k) = -k**2 + 4*k + 1. Let d be q(3). Suppose d*f + 63 = 63. Suppose f = 3*s - 7*s + 28. What is the greatest common factor of 63 and s?
7
Let z be 33868/22 + 342/627. What is the greatest common divisor of z and 1120?
140
Suppose -c + 35 = 24. Let m(z) = 155*z**2 + 2*z + 1. Let x be m(-1). Suppose x = h + h. Calculate the greatest common factor of c and h.
11
Let l = 3114 + -2929. Calculate the greatest common divisor of l and 5.
5
Let s(j) = -3*j**3 - j**2 + j + 6. Let r(d) = -d**3 + d**2 - 2. Let w(p) = -4*r(p) + s(p). Let m be w(6). What is the greatest common divisor of m and 8?
8
Let l be (16/(-3))/((-6)/9). Let n be (-2)/1 + (-1 + -7 - -44). Let a be 3/(-18) + n/(-12) + 4. What is the highest common divisor of l and a?
1
Let u = 2556 + -2553. Suppose 10 = 2*t - 20. What is the highest common divisor of u and t?
3
Let h(t) = 114*t**3 - 6*t**2 + t + 10. Let b be h(2). Calculate the greatest common divisor of 288 and b.
36
Suppose -12398*o + 12409*o + 488 = 1995. What is the highest common divisor of o and 7261?
137
Let l be (1 - 0)/(3/9) + -3. Suppose l = 5*a - 54 - 16. What is the highest common divisor of 350 and a?
14
Suppose -7*a + 2770 = -d, 3*a + 10 = -3*d + 1204. Calculate the highest common divisor of a and 660.
132
Suppose -2*v + 48 = -2*g, 2*v - 4*g + 156 = 7*v. Suppose 2*q = 4*k + 26 + v, -4*k + 4 = 0. Calculate the highest common divisor of q and 58.
29
Suppose -174 = -6*x + 8*x. Let q = x + 89. Let k(m) = 3*m**2 + m. Let d be k(1). What is the greatest common factor of d and q?
2
Let x(m) = 100*m + 1846. Let c be x(-18). Calculate the highest common divisor of 391 and c.
23
Suppose 31911 = 27*x + 10284. What is the highest common divisor of 189 and x?
9
Suppose -8 = -y - 5*q + 4*q, -3*q = 5*y - 50. What is the greatest common divisor of 44 and y?
1
Let u(y) = -417*y - 2541. Let s be u(-9). What is the highest common factor of 6 and s?
6
Let s be (-1 + -4 - -4) + 4/(-2). Let z be (-2)/s + 166/(-6). Let k be (-408)/(-16)*30*(-6)/z. What is the highest common divisor of k and 34?
34
Suppose -3*f - 5*d = -264, 0 = 47*f - 49*f + 3*d + 195. What is the highest common factor of 31 and f?
31
Let x be -13*(35/2 + (-1)/2). Let y = x - -359. Calculate the greatest common factor of 6 and y.
6
Suppose -6*x - 1 = 17. Let r be (x + 2)/2*(-6 - -4). What is the greatest common divisor of 4 and r?
1
Suppose 3507*g - 3505*g - 4*o - 140 = 0, 3*o = -4*g + 192. Suppose -6 = -l + 192. Calculate the highest common factor of g and l.
18
Suppose 2*c + c = -5*a + 34, -5*c = -3*a - 102. Suppose 0 = 2*n + o - 33, -n - 54 = -2*o - 78. What is the highest common divisor of c and n?
18
Let u(b) = b**3 - 8*b**2 - 55*b + 440. Let z be u(10). Calculate the highest common divisor of z and 2160.
90
Suppose -8 = -2*r, 20 = 2*d - 23*r + 19*r. Let s = 84 + -36. Calculate the greatest common factor of d and s.
6
Suppose 0 = 23*c - 18*c + 4*z - 1620, 3*c = -5*z + 959. Calculate the highest common divisor of 246 and c.
82
Let g(d) = -d**2 + 140. Suppose -2*y - 11*y - 104 = 0. Let s be (-2 - -2)*y/16. Let t be g(s). What is the greatest common divisor of 20 and t?
20
Let s be ((-6)/(-36))/(2/12). Suppose 0 = w + o - 80, 0 = 3*w - 3*o - 164 - 100. Suppose 7*c = -w + 133. What is the highest common factor of s and c?
1
Let r = -426 + 447. Suppose -2*q - 22 = s - 5*s, 2*q = -2*s - 4. Calculate the highest common divisor of r and s.
3
Let i = 28859 - 19563. Calculate the highest common factor of i and 80.
16
Let p = 178 + -164. Let x(t) = -10*t + 149. Let u be x(p). Calculate the highest common factor of u and 225.
9
Let r be -3 + (-86)/(-2) + (-59 - -63). What is the highest common divisor of 704 and r?
44
Suppose -5*r = -w + 112, 0 = w + 3*r + 63 - 207. Calculate the highest common factor of w and 2332.
44
Let d = -25 - -72. Let s = -43 + d. Let b(k) = k**2 + 14*k + 49. Let l be b(-5). What is the greatest common divisor of s and l?
4
Suppose -44*o + 45*o - 3*h - 1460 = 0, 12 = 3*h. Calculate the highest common divisor of o and 320.
64
Suppose -4*v = 657 - 661. Let h be 0 - (-1)/v - 2133/(-27). Calculate the highest common divisor of 144 and h.
16
Suppose 377*y + 86*y = 39410 + 5964. Suppose x + 2*x = 84. What is the greatest common factor of y and x?
14
Let t(p) = p**2 + 159*p - 1687. Let w be t(10). What is the greatest common factor of w and 2481?
3
Suppose -8176 = 27*z - 43*z. Let k = 565 - z. Calculate the highest common factor of k and 2.
2
Let m(b) = -8*b**2 + 50*b - 9. Let i be m(6). Let v be 27*-4*(30/(-9) + i). What is the highest common factor of 81 and v?
9
Suppose 4*o - 101 = 3*g, -8 = -3*o + 5*o. Suppose -2*m = -4*m - 5*r - 193, 0 = m + r + 95. Let t = g - m. What is the greatest common factor of t and 22?
11
Let v be 1*4 + 57 + -56. Suppose -2*x + 501 = -v*m, 4*m - 15 = 7*m. Calculate the greatest common factor of 7 and x.
7
Suppose 5*y + 521*p - 123391 = 523*p, -3*p = 24. What is the greatest common divisor of y and 105?
105
Suppose j = 2*m + 71, 2*j - 9 = m + 148. What is the highest common divisor of j and 90?
9
Let d = 411 - 384. Suppose -5*h + 18 = -b, -5*h + 4*b = -0*h - d. What is the highest common divisor of h and 189?
3
Let a(k) = -22*k + 26. Suppose 187 = -14*o + 61. Let c be a(o). Calculate the highest common divisor of c and 7.
7
Let k = -82 + 84. Let d(v) = 24*v**2 + 3*v + 3. Let q be d(k). What is the highest common divisor of q and 25?
5
Suppose 0 = 2*j - 3*d - 13405, -d - 15 = -18. Calculate the greatest common factor of 19 and j.
19
Suppose 67 - 130 = 7*z. Let q be (-30912)/(-70) - z/(-15). What is the greatest common divisor of q and 49?
49
Let a(y) = -y**3 + 391*y**2 + 1577*y + 3. Let w be a(-4). Let h be 118 - (-1 - (1 + 0)). Calculate the highest common factor of h and w.
15
Let i be (((-776)/6)/(-2))/(28/(-294)). Let x = i + 900. What is the highest common factor of 85 and x?
17
Suppose -10*x + 13*x - 15 = 0, -3*r + 3*x + 87 = 0. Suppose 0 = -28*m + r*m - 1764. Calculate the highest common factor of 42 and m.
42
Let r be 21 + 5 + (-20)/4. Suppose -3*m + 3 = -3*k, 4*k - 5 = -2*m + r. Let o be (0 - k)*99/(-6). What is the greatest common divisor of o and 44?
22
Let u = -14 - -17. Suppose -w - 29 = 2*r, -u*r + w + 2*w - 39 = 0. Let h be ((-60)/r)/(4/28). What is the highest common divisor of h and 6?
6
Suppose 0 = 2*u + 12, 0 = -3*k - 347*u + 345*u + 2808. Calculate the highest common factor of 48 and k.
4
Let s(d) = -55*d - 3762. Let q be s(-70). What is the greatest common divisor of 2520 and q?
8
Let c(o) = -77*o - 980. Let v be c(-14). What is the greatest common factor of v and 441?
49
Let q = -2292 - -2502. Calculate the highest common divisor of q and 40.
10
Suppose -5*u + 13*u = -2165 + 6629. Suppose -3*g + 2*p = -192, -2*g - 2*p = 2*p - 112. What is the greatest common divisor of g and u?
62
Let i(w) = -w**2 + 6*w + 684. Let m be i(28). Calculate the greatest common divisor of 2533 and m.
17
Let t be (972/(-21))/(217/(-98) - -2). Let p be (-3)/(-12) - (-861)/12. Calculate the highest common divisor of t and p.
72
Let y = 59 + -63. Let n be (y/8)/(2*1/(-320)). Let c = -67 + n. Calculate the greatest common divisor of 117 and c.
13
Let q = -15 - -21. Suppose q = -2*c + 3*c + 3*f, -c + 22 = -5*f. Let u be ((-2)/6)/(4/(-72)*1). Calculate the highest common divisor of c and u.
6
Let p(l) = -l**3 + 28*l**